a factor of 23158?
False
Is 117 a factor of 4842?
False
Is 232 a factor of 12021?
False
Is 655 a multiple of 28?
False
Is 7 a factor of 5790?
False
Is 2475 a multiple of 10?
False
Is 51 a factor of 516?
False
Is 17 a factor of 44537?
False
Does 43 divide 820?
False
Is 261 a multiple of 9?
True
Is 17 a factor of 72539?
True
Is 2276 a multiple of 41?
False
Is 78 a factor of 16458?
True
Is 14083 a multiple of 2?
False
Is 21708 a multiple of 9?
True
Is 31531 a multiple of 22?
False
Is 461 a multiple of 100?
False
Is 16 a factor of 1472?
True
Is 32 a factor of 20448?
True
Is 14 a factor of 56?
True
Is 200 even?
True
Is 11 a factor of 2217?
False
Is 598 a multiple of 10?
False
Is 25 a factor of 2750?
True
Is 16653 a multiple of 17?
False
Is 944 a multiple of 67?
False
Is 15914 a multiple of 66?
False
Is 5 a factor of 335?
True
Does 15 divide 16470?
True
Is 11292 a multiple of 35?
False
Is 792 a multiple of 37?
False
Is 11336 a multiple of 7?
False
Does 34 divide 2310?
False
Is 19 a multiple of 12?
False
Does 11 divide 484?
True
Is 171 a multiple of 8?
False
Does 31 divide 9083?
True
Is 6 a factor of 126?
True
Is 5 a factor of 1240?
True
Does 10 divide 485?
False
Is 9044 a multiple of 7?
True
Is 39 a factor of 21779?
False
Does 16 divide 12239?
False
Is 1706 a multiple of 5?
False
Is 7590 a multiple of 66?
True
Is 6116 a multiple of 17?
False
Is 993 a multiple of 4?
False
Is 3716 a multiple of 76?
False
Does 44 divide 433?
False
Is 2185 a multiple of 23?
True
Is 1056 a multiple of 48?
True
Is 13 a factor of 261?
False
Is 40813 a multiple of 14?
False
Is 18638 a multiple of 11?
False
Is 363 a multiple of 10?
False
Does 112 divide 29077?
False
Is 20 a factor of 1000?
True
Is 400 a multiple of 5?
True
Does 28 divide 78708?
True
Is 19228 a multiple of 11?
True
Does 22 divide 1518?
True
Is 14966 a multiple of 14?
True
Is 594 a multiple of 33?
True
Is 5320 a multiple of 14?
True
Is 203 a factor of 3857?
True
Does 75 divide 135?
False
Is 1631 even?
False
Is 67 a factor of 2144?
True
Does 28 divide 4845?
False
Is 45702 a multiple of 15?
False
Is 114 a multiple of 5?
False
Is 23 a factor of 429?
False
Does 20 divide 180?
True
Does 23 divide 2668?
True
Does 23 divide 27986?
False
Does 76 divide 1563?
False
Is 16 a factor of 3616?
True
Is 21376 a multiple of 8?
True
Does 10 divide 660?
True
Does 12 divide 1560?
True
Is 11 a factor of 8507?
False
Is 3712 a multiple of 128?
True
Is 4668 a multiple of 12?
True
Does 66 divide 9636?
True
Does 31 divide 1372?
False
Does 77 divide 2002?
True
Is 61423 a multiple of 21?
False
Is 76 a factor of 21635?
False
Is 48086 a multiple of 216?
False
Is 5160 a multiple of 12?
True
Is 726 a multiple of 11?
True
Does 54 divide 1189?
False
Does 51 divide 17544?
True
Does 9 divide 17442?
True
Does 11 divide 308?
True
Does 19 divide 13509?
True
Is 203 a multiple of 33?
False
Does 36 divide 4482?
False
Does 94 divide 26841?
False
Does 16 divide 544?
True
Is 84 a factor of 924?
True
Is 35 a factor of 97284?
False
Is 6 a factor of 486?
True
Is 1455 a multiple of 15?
True
Is 82976 a multiple of 45?
False
Is 15384 a multiple of 27?
False
Does 4 divide 1572?
True
Is 3000 a multiple of 10?
True
Is 510 a multiple of 85?
True
Is 3 a factor of 4921?
False
Is 70 a factor of 3757?
False
Is 223 a multiple of 61?
False
Does 59 divide 27789?
True
Does 30 divide 121380?
True
Does 25 divide 20350?
True
Does 42 divide 915?
False
Does 10 divide 370?
True
Does 5 divide 2018?
False
Is 20 a factor of 1880?
True
Is 29 a factor of 1926?
False
Is 19695 a multiple of 15?
True
Is 4 a factor of 12290?
False
Does 32 divide 9600?
True
Is 5145 a multiple of 49?
True
Is 800 a multiple of 33?
False
Is 7 a factor of 14019?
False
Is 1183 a multiple of 100?
False
Is 5 a factor of 21935?
True
Does 99 divide 2178?
True
Is 19 a factor of 50806?
True
Is 9921 a multiple of 13?
False
Does 36 divide 104148?
True
Does 13 divide 4823?
True
Is 26 a factor of 383?
False
Does 9 divide 115613?
False
Does 3 divide 2154?
True
Does 3 divide 369?
True
Is 1225 a multiple of 18?
False
Is 11 a factor of 648?
False
Is 6 a factor of 1316?
False
Does 17 divide 533?
False
Does 63 divide 502?
False
Is 33056 a multiple of 32?
True
Is 126684 a multiple of 12?
True
Is 2 a factor of 38?
True
Is 9394 a multiple of 22?
True
Is 17 a factor of 1275?
True
Is 183 a factor of 13372?
False
Is 73 a factor of 4453?
True
Is 1526 a multiple of 17?
False
Is 9568 a multiple of 14?
False
Does 15 divide 1710?
True
Is 5544 a multiple of 36?
True
Is 50 a factor of 300?
True
Does 6 divide 24036?
True
Is 122 a factor of 49288?
True
Does 108 divide 6804?
True
Is 45254 a multiple of 22?
True
Is 3640 a multiple of 182?
True
Is 22987 a multiple of 16?
False
Is 28 a factor of 308?
True
Is 112 a multiple of 28?
True
Does 43 divide 19842?
False
Is 22390 a multiple of 10?
True
Is 80 a factor of 102637?
False
Is 162 even?
True
Does 83 divide 14857?
True
Does 40 divide 23081?
False
Does 10 divide 24995?
False
Is 45 a factor of 450?
True
Does 51 divide 4794?
True
Is 6 a factor of 4049?
False
Is 3 a factor of 165?
True
Does 15 divide 540?
True
Does 12 divide 1404?
True
Is 200 a multiple of 20?
True
Does 57 divide 183?
False
Is 39 a factor of 976?
False
Is 676 a multiple of 13?
True
Is 10 a factor of 60?
True
Does 8 divide 954?
False
Is 281 a factor of 30709?
False
Is 28983 a multiple of 129?
False
Is 6 a factor of 3496?
False
Is 2178 a multiple of 99?
True
Does 9 divide 4536?
True
Does 14 divide 289?
False
Is 70 a factor of 53340?
True
Does 25 divide 3325?
True
Does 208 divide 21051?
False
Is 3363 a multiple of 105?
False
Is 224 a multiple of 14?
True
Does 27 divide 1915?
False
Is 14 a factor of 4844?
True
Is 5 a factor of 381?
False
Is 47 a factor of 4259?
False
Is 1628 a multiple of 3?
False
Does 16 divide 408?
False
Is 53 a factor of 22472?
True
Is 3088 a multiple of 8?
True
Does 11 divide 9643?
False
Is 3325 a multiple of 15?
False
Is 14 a factor of 1312?
False
Is 1860 a multiple of 12?
True
Is 16065 a multiple of 17?
True
Does 25 divide 8527?
False
Does 8 divide 2520?
True
Does 93 divide 1395?
True
Does 2 divide 21?
False
Is 897 a multiple of 17?
False
Does 2 divide 9835?
False
Is 1053 a multiple of 13?
True
Is 32 a factor of 20224?
True
Is 68 a factor of 3393?
False
Is 52 a factor of 17160?
True
Does 65 divide 23465?
True
Is 5663 a multiple of 7?
True
Is 14 a factor of 23954?
True
Is 6 a factor of 28674?
True
Is 10528 a multiple of 14?
True
Is 7047 a multiple of 87?
True
Is 30 a factor of 1410?
True
Is 567 a multiple of 27?
True
Is 3 a factor of 100?
False
Is 6 a factor of 11763?
False
Is 1614 a multiple of 11?
False
Is 26 a factor of 159686?
False
Is 46 a factor of 5034?
False
Is 179 a factor of 52742?
False
Is 1734 a multiple of 34?
True
Does 47 divide 59126?
True
Is 52653 a multiple of 12?
False
Is 26 a factor of 194?
False
Is 24 a factor of 21432?
True
Is 5357 a multiple of 14?
False
Is 1652 a multiple of 69?
False
Is 3 a factor of 734?
False
Does 33 divide 20121?
False
Is 3636 a multiple of 135?
False
Is 420 a multiple of 21?
True
Does 12 divide 273?
False
Does 14 divide 308?
True
Is 35864 a multiple of 173?
False
Is 17 a factor of 562?
False
Does 23 divide 2369?
True
Is 20 a factor of 1203?
False
Does 44 divide 2288?
True
Is 51 a factor of 3902?
False
Is 5838 a multiple of 14?
True
Is 48 a factor of 480?
True
Does 14 divide 8274?
True
Does 7 divide 1043?
True
Is 4 a factor of 3209?
False
Does 13 divide 975?
True
Is 60948 a multiple of 119?
False
Is 27036 a multiple of 118?
False
Is 21 a factor of 849?
False
Is 2756 a multiple of 26?
True
Does 33 divide 1023?
True
Does 21 divide 126?
True
Is 22791 a multiple of 24?
False
Does 45 divide 3842?
False
Does 18 divide 2934?
True
Is 11 a factor of 44?
True
Does 99 divide 47906?
False
Is 14932 a multiple of 224?
False
Does 4 divide 309?
False
Is 143 a factor of 10868?
True
Is 5427 a multiple of 6?
False
Is 21 a factor of 2433?
False
Is 18515 a multiple of 14?
False
Does 29 divide 6316?
False
Is 12 a factor of 2345?
False
Does 12 divide 240?
True
Does 135 divide 5336?
False
Is 739 a multiple of 14?
False
Does 159 divide 2226?
True
Is 6 a factor of 297?
False
Is 894 a multiple of 47?
False
Is 18 a factor of 1440?
True
Is 18 a factor of 288?
True
Is 6238 a multiple of 11?
Fal